git of n?
2
Suppose -5*w - 3 + 23 = 0. Suppose -3*i - 6 = -h + 18, -w*h = 3*i - 66. What is the units digit of h?
8
Let x = -5 - -8. Suppose 5*n - 13 = -x*k + 35, -49 = -5*n - 4*k. What is the units digit of n?
9
Suppose -5*q = -39 + 14. Suppose 3 = 2*t - q. Suppose t*r + 8 = 8*r. What is the units digit of r?
2
Suppose -3*c + 177 = 5*z - 6*c, -3*z + c = -107. Let q be (4/3)/(2/z). Suppose -u + q = u. What is the units digit of u?
2
Let y be 31 + 5/(5/(-3)). Let j = y - 14. What is the units digit of j?
4
Let n = -1 + 46. Suppose -q - 3*s - 39 = -3*q, 5*q + 3*s = n. Let k = q - 3. What is the units digit of k?
9
Suppose -2*m + 65 = -181. What is the hundreds digit of m?
1
Let t = 0 + 1. Let l(b) = b + b**2 + 8*b**3 - 2 - 3 + 4. What is the units digit of l(t)?
9
Suppose 0 = -4*m + 40 + 36. What is the units digit of m?
9
Let w = 580 - 270. What is the hundreds digit of w?
3
Let k = 10 - 8. Suppose 9 = k*s - 2*z - z, 4*z = 2*s - 12. Suppose s*f = 3*f + j - 22, 2*f - 26 = 5*j. What is the units digit of f?
8
Suppose 0 = d - 5 - 0. Suppose -2*x + d*x = 0. Suppose 4*s + 12 - 48 = x. What is the units digit of s?
9
Let m(r) be the first derivative of r**4/4 + 3*r**3 + 3*r**2/2 - 9*r + 3. What is the units digit of m(-8)?
1
Suppose -4*q = 5*y - 75, -6*y = -y - 15. Let c be 10/25*(q - 0). What is the units digit of c/(-2 + 33/12)?
8
Let s = 17 + 6. Suppose -5*a = 4*b - 55, 0 = 4*a + 3*b - 4*b - s. What is the units digit of a?
7
Suppose -4*u - 3*f + 23 = 0, 4*u + 2*f = -2*f + 20. Suppose -j + 6 = -6. What is the units digit of (-60)/(-2)*u/j?
0
Let x = 7 + -2. Suppose -4*c + c - 4*z + 104 = 0, 2*c = -x*z + 67. What is the units digit of c?
6
Let k(r) = -12*r - 45. What is the units digit of k(-10)?
5
Suppose 5*i + 25 = -5*q, -2*q - i + 7 = 17. Let v = q - -4. What is the units digit of 6 - 1*(-3)/v?
3
What is the units digit of (-10)/65 + (-186)/(-26)?
7
Let v(t) = t**2 + 5*t + 4. Let n be v(-5). Suppose 3 = n*p - 5. Suppose 4*j + f - 16 = 0, 0 = p*f + 14 - 6. What is the units digit of j?
5
Let l(q) = q + 3. Let o be l(-3). Suppose o = -3*s - 0*s + 4*j + 114, 5*s - 225 = -5*j. What is the units digit of s?
2
Suppose -2*r = -3*r + 16. What is the tens digit of r?
1
Let n = 8 - 4. Suppose 0 = -n*v - 5*i - 17, v + v - 5*i - 29 = 0. What is the units digit of (-32)/(-5) - v/5?
6
Let f be (24/(-30))/(2/(-5)). Let v(x) = -f - 2*x**2 + 3 + 5*x**2. What is the units digit of v(1)?
4
Let b = 87 - 20. What is the tens digit of b?
6
Let d be (-2 - 2)*1/(-2). Suppose -2*o + 11 = d*w - w, 3*w = 15. Suppose -o*n - 27 = -6*n. What is the units digit of n?
9
Suppose h - 120 = -13. What is the units digit of h?
7
Let i(d) = 4*d**3 - 2*d**2 + d + 3. Let q(y) = 5*y**3 - y**2 + y + 4. Let r(l) = 4*i(l) - 3*q(l). What is the units digit of r(5)?
5
Suppose -2*s - 3*n - n = -8, 0 = -3*s - 3*n + 9. Suppose -5*t + 3*t + 8 = 0. Suppose 4*k + 40 = t*a, -4*k - 15 = s*a + k. What is the units digit of a?
5
Let h = 2 - -4. Let n = -4 + h. Suppose -21 = n*f - 5*f. What is the units digit of f?
7
Suppose -34 = -4*i + 2*i. What is the units digit of i?
7
Let x(b) = -b**2 - 6*b - 2. Let l be x(-4). What is the units digit of l/5*(-60)/(-8)?
9
Let p = -40 + 41. Suppose 9 = o + 2*o. What is the units digit of -10*p/(-6)*o?
5
Let o = 14 - 49. Let n = 55 + o. What is the tens digit of n?
2
Let y(m) = m**2 + m - 1. Suppose o - 2*o = -4. What is the tens digit of y(o)?
1
Let p be -1*4/8*-498. Suppose -5*k + 2*w + p = 0, -3*k + w = -w - 151. What is the tens digit of k?
4
Let q(r) = r + 8. Let s be q(-6). Suppose -3*h = -s*h - 4. What is the units digit of h?
4
Suppose -2*w = -x + w + 6, 2*x = 3*w + 12. Suppose -x*d + 2*d + 71 = 3*b, 2*b - 32 = 5*d. What is the units digit of b?
1
Suppose 4*o = 5*r + 23, o + 2*o - 9 = r. Suppose -4*u + 35 = u. Suppose u*q - 20 = o*q. What is the units digit of q?
4
Let k(p) be the third derivative of p**4/12 + p**3/6 + 3*p**2. Let f be k(10). What is the tens digit of 7*(15/f + 1)?
1
Let u be (-1 - 4)*32/(-20). Suppose u = -h + 3. What is the units digit of (h + 2)*(-5)/3?
5
Let x be (-15)/((-3)/6 - 1). Suppose -3*u = -4*a + 11 - 0, -3*a - 2*u = -4. Let c = x - a. What is the units digit of c?
8
Let i(p) = -p - 5. Let n be i(-4). What is the units digit of n/(((-6)/(-27))/(-2))?
9
Let f = -1 + 0. Let w be (1/(-2))/(f/(-4)). What is the units digit of ((-1)/w)/((-1)/(-2))?
1
Suppose -2*h = 5*j + 12 - 5, 4*j = 2*h - 2. Let i be (j - -2)*24/6. Suppose -5*t - 4*z + 51 = -0*z, -2*t = i*z - 30. What is the units digit of t?
7
Suppose u + 2*z - 240 = -3*u, 5*u - 2*z - 282 = 0. What is the tens digit of u?
5
Let x be -5 + 3 - -4 - -4. Suppose -17 - 13 = -x*k. What is the units digit of k?
5
Suppose -x + 4*x - 66 = 0. What is the units digit of x?
2
Suppose 4*p = -2*g + 124, -g - 3*g + 228 = 4*p. What is the tens digit of g?
5
Suppose -2*d = 3*d - 325. Let r = -31 + d. What is the units digit of r?
4
Let q(k) = -k**2 + k + 0*k**2 - 34 + 35. Suppose 0*m = -2*m. What is the units digit of q(m)?
1
Let s be (-3)/(-3*1) - -1. Suppose -n + 3 + s = 0. Suppose 0 = -5*y - 4*j + 63, 4*y + n*j - 17 = 37. What is the units digit of y?
1
Let p be (5 - 3) + 30/2. Let w = p + -7. What is the tens digit of (-54)/(-4) + (-15)/w?
1
Suppose -u = -3*u - 16. What is the tens digit of ((-46)/8)/(2/u)?
2
Let t = -34 + 20. Let i = t - -29. What is the tens digit of i?
1
Let n be (0 - -1)*(3 + -4). Let z be 12/(-4)*1*n. Let a = z + -1. What is the units digit of a?
2
Suppose 5*d - 4*a = -0*d - 11, 5*a = 20. Suppose 0 = 5*y + 5*c - d + 6, -25 = -3*y + 4*c. Suppose 4 = y*o - o. What is the units digit of o?
2
Let w be (0 - 4 - -2) + 24. Suppose -w = -3*o + o. What is the units digit of o?
1
Suppose 0*w = -2*w + 72. Suppose -3*o + w = o. What is the units digit of o?
9
Suppose 0*x = -7*x + 798. What is the tens digit of x?
1
Suppose -55 = -2*h - 11. Let l = -11 + h. What is the units digit of l?
1
Let s = 10 + -18. Let l(j) = -j + 7. What is the tens digit of l(s)?
1
Let z(v) = -v**3 + 5*v**2 + 2*v - 7. Let w be (-15)/(-10)*10/3. Let d be z(w). Suppose 4 + 2 = d*q. What is the units digit of q?
2
Let d(y) = -y**2 + 19. What is the tens digit of d(0)?
1
Let i(g) be the first derivative of -4*g**2 + 1. What is the units digit of i(-1)?
8
Let l = -1 - -3. Suppose 0 = 5*u + 4*s + 9, 7 = -7*u + 2*u - l*s. What is the units digit of -2 - (0 + 10/u)?
8
What is the units digit of (-1512)/(-33) + 4/22?
6
Suppose -2*k + 23 = 3*v, 0*v = -4*v + 5*k. Let y(c) = 5*c + 6. Let h be y(-1). Let r = v + h. What is the units digit of r?
6
Suppose -7 = 4*o - 79. What is the units digit of (-1)/(o/10 + -2)?
5
Let x = -3 + 7. Let k be 24*2*1/x. What is the tens digit of (-8)/k + (-64)/(-6)?
1
Let s(g) = g**2 - 2*g - 4. Let m be s(-9). Suppose -d = 3*c - 135, 0*d - m = -2*c + d. What is the tens digit of c?
4
Let w be (-3)/(-15) - 134/(-5). Let k(p) = -p + 17. Let v be k(0). Suppose -5*h + v = 5*b + 2, -4*b - h + w = 0. What is the units digit of b?
8
Suppose s + 5 = 2*b, 3 + 12 = -2*b - 3*s. Let a = 5 - b. What is the units digit of a?
5
Let s(t) = t**3 - 6*t**2 - 6*t - 5. Let h be s(7). Suppose -b - 4*b = -5*f, -f - 5 = -h*b. What is the units digit of b?
5
Suppose -4*p - r = 11, 2*p = 4*r - r + 5. Let v = -2 + 1. What is the tens digit of v + 14 + p + 0?
1
Let k(w) = w**2 + 6*w - 2. Let n(j) = -j. Let o(h) = k(h) + 6*n(h). Let v be o(-2). What is the units digit of 3 - v/(-2 + 4)?
2
Let h be (-2 - -3)/(1/(-5)). Let l(m) = m**2 + m - 2. What is the units digit of l(h)?
8
What is the units digit of ((-3)/2)/(7/(-14))?
3
Let y(i) = -2*i + 7. Let t be y(5). Let x(p) = -2*p - p - p - 2. What is the tens digit of x(t)?
1
Let b be -1 - (-1 + -1 - 1). Let w = -3 + b. What is the units digit of 2 + w + 0 - -4?
5
Let w(n) = -3*n. Let y be w(-9). Let m = y + -7. What is the units digit of m?
0
Suppose 0*x + 28 = 3*x - 4*o, 3*x - 4 = -2*o. Let h = x + -3. What is the units digit of h - 2*(-3)/3?
3
Suppose -5*l + 3*t + 1433 = 0, -5*l = -5*t - 512 - 913. What is the tens digit of l?
8
What is the units digit of -21*(-5)/3 + -1?
4
Let o = 15 - -6. What is the tens digit of o?
2
What is the units digit of 2 + (-112)/60 + 8696/30?
0
Suppose 0 = -5*w - 3*g + 233, -3*g = -g + 8. Let a = w - 20. What is the tens digit of a?
2
L